10 = 4*c - 4, -5*c = 20. Let r be 12*((4 - 6) + t/10). Give z(r).
1
Let j be ((-30)/21 - -1) + 24/7. Let g(c) = 29 + 3*c - 5*c**2 + c**j - 26 + 0*c**3. Let y = -129 - -133. Calculate g(y).
-1
Let s(w) = -5*w**2 - 25*w - 15. Let i(g) = -22*g**2 - 109*g - 61. Let l(r) = -2*i(r) + 9*s(r). Calculate l(-4).
-1
Let a(j) = 4*j - 1. Let y = -115 + 119. Suppose 1 = v, -t = y*t - 5*v - 5. Suppose 8*b + 1 = 3*b - 2*z, -t*z = -4*b + 10. Give a(b).
3
Let u(z) = 3*z**2 - 15*z - 1. Let m = -575 - -578. Suppose 2 + 9 = y - m*d, 3*y - 13 = -d. Determine u(y).
-1
Let o(x) = -x - 7. Let i be 0 + 30/(-12)*-24. Let c = 65 - i. Calculate o(c).
-12
Suppose -2 = 3*x - x. Let p(q) = -13322*q - 3 + 13320*q + 2 + 28*q**2. What is p(x)?
29
Suppose 3*z + 9 + 0 = 0. Let h(v) = -3*v**2 - v - 6. Let c(s) = -13*s**2 - 24. Let i(l) = c(l) - 4*h(l). Determine i(z).
-21
Suppose -o = 242 - 58. Let m = 189 + o. Let b(v) = -2*v**2 + 7*v + 2. Give b(m).
-13
Let z(v) = 26*v - 183*v + 155*v + 11. What is z(14)?
-17
Let k(y) = -12*y**2 - 100*y + 4. Let j be k(-8). Let l be (-224)/(-6) + (-2)/6. Let i = j - l. Let d(w) = 5*w - 1. Calculate d(i).
-6
Let m(g) be the second derivative of g**7/504 - g**6/360 - g**5/60 - g**4/12 - g**2/2 - 21*g - 2. Let h(n) be the third derivative of m(n). What is h(-1)?
5
Let n(p) = -5*p**3 - 31093*p**2 - 31101*p**2 + 9 + 4*p**3 + 62190*p**2 - 4. Suppose 4 - 10 = -j. Suppose -j*g + 2*g = 20, 4*s - g + 11 = 0. Give n(s).
5
Let x(o) be the first derivative of o**2 - 9*o - 66. Let b(q) = q**2 - 6*q - 10. Suppose 0 = -0*d - d + 8. Let f be b(d). Give x(f).
3
Let v(q) be the second derivative of q**4/12 + q**3/3 - 49*q**2/2 - 11*q + 47. What is v(6)?
-1
Let o(l) = -l**2 - 25*l + 92. Suppose -7*p + 10*p - 4 = -4*g, -p - 10 = 7*g. Give o(p).
-24
Let d = 60 + -56. Let r be (-2)/d*3*38/(-3). Let x(v) = r*v**2 + 2*v - 6 - 6*v**2 + 7. What is x(-1)?
12
Let u be (4/(-6) + 51/(-18))*(-38)/(-19). Let k(z) = -z**2 + 9*z + 5. Determine k(u).
-107
Let p(a) be the third derivative of -a**4/24 - a**3 + 2*a**2. Let n = 84 + -16. Let r = n - 73. Calculate p(r).
-1
Let j(n) be the second derivative of 0 + 7/2*n**2 + 1/6*n**3 + 4*n. Let v(i) = -i**2 - 5*i + 63. Let s be v(6). Determine j(s).
4
Let j(o) = 26*o - 4. Let l be -5*(0 + 32/(-40)). Give j(l).
100
Let c(u) be the first derivative of 5*u**3/3 - 3*u**2/2 + 7*u - 590. What is c(3)?
43
Let w be (0 + 1)/((-10)/(-2400)*15). Let q(y) = y**2 - 18*y + 11. Calculate q(w).
-21
Suppose 17*d - 8391 = -2730. Let g(j) = d*j + 19 - 325*j - 18. Give g(4).
33
Let i(h) be the first derivative of -2*h**3/3 + 11*h**2 - 28*h - 2268. Give i(10).
-8
Let s(y) = -2*y - 7. Let h = 130 + -127. Let b be (-2 + h)*(-11)/(-1). Give s(b).
-29
Let c(g) = -3*g**3. Let q(n) = 124*n**3 - 2*n**2 - 2. Let z(d) = 42*c(d) + q(d). Let s(v) = v. Let f be s(3). Let b = f + -5. Determine z(b).
6
Let k(c) be the first derivative of -c**7/840 - c**6/72 + c**5/20 + c**4/12 + 37*c**3/3 - c - 75. Let d(u) be the third derivative of k(u). Determine d(-6).
2
Let a(m) be the second derivative of m**7/1260 - m**6/360 - m**5/60 + 5*m**4/4 - m**3/2 - 53*m. Let y(l) be the third derivative of a(l). Give y(3).
10
Let n(d) = 2*d + 6. Let u(k) = 2*k + 65. Let h(b) = n(b) + u(b). Give h(0).
71
Let i = 139 + -135. Suppose 5*u = -3*l + 10, -13 - 32 = 5*l - i*u. Let m(t) = t**3 + 5*t**2 - t - 5. Calculate m(l).
0
Let r(g) = -g**2 - 6. Let q be 0 - 161 - (-6)/2. Let a = -158 - q. Give r(a).
-6
Let h(q) = 11*q + 37. Suppose 69 = 99*k - 59*k + 269. Give h(k).
-18
Let m(y) = -309*y + 5 + 134*y - 2 + 169*y. Give m(11).
-63
Suppose 313*m - 26 = 314*m - 3*q, -2*m - 31 = q. Let t(c) = -c + 15. Give t(m).
32
Let c be 8/(6/3) - -34. Suppose 4 = 6*h - c. Let s(m) = -m**2 - m. Let i(g) = -6*g**2 + 7. Let r(l) = i(l) - 5*s(l). What is r(h)?
-7
Let x(h) = 9*h**2 - 26*h - 287 + h**3 + 38*h + 281. Calculate x(-7).
8
Let o be (-172)/(-10) + ((-2)/5)/2. Suppose 112 + 7 = o*t. Let d(z) = 2*z - 8. Determine d(t).
6
Suppose -5*g + 4*x = -6 - 3, 5*x = 20. Suppose -3*q + 31 = 4*a, g*a + 0*q = 4*q. Let b(o) = 2*o**2 - 6*o. Give b(a).
8
Let a(n) = n**2 + 4*n + 1. Let l(y) = -y**2 + 14*y + 13. Let g be l(15). Let j be ((-7)/(-14))/(g/(-24)). Suppose j*m + 34 = 4. Calculate a(m).
6
Let o(v) = 6*v + 1. Suppose -15 = -2*p - 5*t, -22*p + 18*p - 3*t + 23 = 0. Determine o(p).
31
Let q(v) be the second derivative of -v**5/20 + v**4/2 + 5*v**3/6 - 15*v**2/2 - v. Let s be (298/(-1937))/((-3)/117). Give q(s).
15
Let r(s) = 3*s**2 + 15*s + 1. Let p(y) = -5*y**2 + 89*y - 8. Let q be p(19). Let v = q + 117. Calculate r(v).
1
Let k = 1369 - 834. Let w = k - 537. Let f(l) = -4*l**2 - 3*l - 3. Calculate f(w).
-13
Let d = -697 + 716. Suppose 4*u = -d*u - 161. Let v(p) = -p**2 - 7*p + 14. Determine v(u).
14
Let p be (-26)/3*(-9)/(-6). Let k(l) = -27 - 347*l + 170*l + 174*l. Calculate k(p).
12
Let x = -3852 + 3854. Let a(j) be the third derivative of 0 + 1/8*j**4 + 0*j + 22*j**x + 1/3*j**3. Calculate a(-5).
-13
Suppose -59*k + 302 = 14 - 66. Let g(h) = -h + 18. Give g(k).
12
Suppose -65 - 24 = -3*w + 4*h, -2*w + h = -61. Let b = 40 - w. Let k(j) = -3*j + 8. What is k(b)?
-19
Let v = 3485 + -3483. Let d(g) be the first derivative of 1/2*g**v + 16*g - 18. Calculate d(-11).
5
Let z(m) = -m**3 - 3*m**2 + 2*m. Let g(c) = -4*c**3 - 13*c**2 + 8*c + 5. Let t(u) = g(u) - 3*z(u). Let p be 6/(-21) - 66/14. Calculate t(p).
20
Suppose -5*q - 99 + 104 = 0. Let t(c) = 1 + c + 4*c + c + 4*c. Let j(f) = 11*f + 1. Let p(d) = 4*j(d) - 5*t(d). Give p(q).
-7
Let p(w) = 137*w - 71*w + 1847 - w**3 - 1860 - 69*w - 6*w**2. Let q = 10 + -16. Determine p(q).
5
Let w(u) = 1. Let p be 1/(-2) - (-10)/(4 + -24). Let g(o) = 2 - 5 + 4*o - 5. Let v(n) = p*g(n) - 5*w(n). Determine v(-3).
15
Let i(g) = 2*g**2 + 58*g + 56. Let t be 0 - 28 - (-121 - -117) - 4. What is i(t)?
0
Let g(i) = i**3 + 7*i**2 + 14*i + 15. Let p be (-3 + (16 - 11))*(45/6)/(-3). Determine g(p).
-5
Let x(l) be the third derivative of 5*l**4/24 + l**3/2 + 47*l**2. Let f be 9/21 + 62/(-14) + 1. What is x(f)?
-12
Let w(x) = -x**3 + 9*x**2 - 12*x - 12. Let r be w(7). Let l(b) = -2*b**2 + 7 + b**3 + r - 7 + 0 + 2*b. What is l(2)?
6
Let w(l) = -3*l + 1. Let r be (-2)/(-5) - (85/25 + -8). Suppose -r*u = -231 - 84. Let q = 62 - u. Determine w(q).
4
Suppose -5*x - 51 = 3*i, -2*i - 2*i = -2*x + 94. Let w(y) = y**2 + 23*y + 26. Calculate w(i).
4
Let j(y) = -772*y**2 + 774*y**2 + 14 - 79*y + 68*y. What is j(4)?
2
Let h(q) = q**2 + 3*q + 2. Let z be h(0). Let m(k) be the first derivative of k**3 + 3*k**2/2 - 2*k - 7. Determine m(z).
16
Let p(i) = -2*i**2 - 34*i**3 - 55*i - 58*i - 59*i + 232*i - 59*i. Determine p(1).
-35
Let y be (-2)/6 - 83/3. Suppose 14*a + 19*a = -1089. Let c = a - y. Let g(p) = p**3 + 5*p**2 - 3*p - 7. What is g(c)?
8
Let r(k) be the first derivative of 3*k - 80 - 1/2*k**2 + 0*k**3 + 1/4*k**4. Give r(0).
3
Let d = -96 - -233. Let a = 196 - d. Let o = -51 + a. Let b(r) = r**3 - 8*r**2 + r - 5. Calculate b(o).
3
Let f(s) be the second derivative of 2*s**5/5 - s**4/12 + s**3/6 + s**2/2 + 29*s - 2. Let w(v) = -v + 5. Let x = 7 + -1. Let h be w(x). What is f(h)?
-9
Let k(o) = -o**3 + 8*o**2 - 10*o + 73. Let w = 11687 + -11679. Give k(w).
-7
Let p(a) = 2*a + 1. Let x be (4 - 3)/((1/(-2))/1). Let k(c) = 1. Let l(g) = 7*g + 7. Let y(n) = -6*k(n) + l(n). Let j(s) = x*p(s) - y(s). Give j(-2).
19
Let s(n) = -2 + 16*n - 15*n + 10*n**2 + 0 - 9*n**2. Calculate s(0).
-2
Let f be (-2)/((-6362)/(-2122) - 3). Let m(g) = f*g**2 - 528*g**2 + g - 532*g**2 - g**3 - 3. Let r be 0/(-3*2/(-6)). Calculate m(r).
-3
Suppose -2*k + 2 = -2. Suppose 3*r + 15 = -k*r. Let d(j) = -j**3 - 10*j**2 - 7*j + 4*j + 3 + 5*j**2. Give d(r).
-6
Let f(t) = 2*t**2 - 6*t + 2. Suppose 89*h - 66*h - 65*h + 378 = 0. What is f(h)?
110
Let o(g) = 10*g**2 - 31*g**2 - 4*g + 15*g**2 + 12*g - 11 + 5*g**2. What is o(8)?
-11
Let p(m) = m**3 + m**2 - 2*m + 2. Suppose 0 = 4*v - 20, 0*u + 20 = -u + 4*v. Suppose 8*l - 12*l + 8 = u. What is p(l)?
10
Let t(l) = l**3 - 25*l**2 - 24*l + 9. Let p(w) = 5*w**2 + 1. Let x(u) = -6*p(u) - t(u). Calculate x(-8).
-15
Suppose -h + 23 - 19 = 0. Let i(b) = -18 - 4*b**2 + 3*b**2 + h*b + 5*b. Let l be i(5). Let m(u) = 2*u**3 + 2*u - 1. Determine m(l).
19
Let n(u) = 37*u - 9*u - 23*u + 123. Calculate n(-24).
